*q - 2*q + 17. Suppose 2*y - 72 = -h*k + 236, 0 = y + 4*k - 144. What are the prime factors of y?
2, 5
Let u be (-5)/(-2)*(-12)/(-10). Suppose -8*n = -u*n + 1780. Let t = n - -542. List the prime factors of t.
2, 3, 31
Suppose 2*r = o - 75, 3*o - 166 = -5*r + 26. List the prime factors of 1886/o + (8/6)/2.
2, 7
Suppose -4*g + 439 = o, 2*g = -g + 3*o + 318. Suppose -3*j - 29 = -2*f - 169, -4*f - 4*j = 280. Let z = f + g. What are the prime factors of z?
3, 13
Let r(p) = -2*p**2 - 7*p - 5. Let a be r(-3). Let b be 6/((a - -3)*2). Suppose 4*s - m - 125 = 0, -b*m - 91 + 4 = -3*s. List the prime factors of s.
2
Let m(g) = -g**2 + 8*g + 10. Let r be m(10). Let c be 5/r*-1*576. What are the prime factors of (c/15)/((-4)/(-40)*2)?
2, 3
Let q = 72 - 122. Let u = q + 53. List the prime factors of 0 + 3/u + 98.
3, 11
Suppose 37*s = 251027 + 106120 - 57040. What are the prime factors of s?
8111
Let h(g) = 8*g - 96. Let q be h(10). List the prime factors of (q/(-6) + -2)/((-6)/(-9657)).
29, 37
Let i = 700 - -3368. What are the prime factors of i?
2, 3, 113
Suppose 0 = 4*y - 3*k + 15 - 71, 2*k = 0. Suppose -4*u = 4*c - 32, 4*u = -3*c + 8*c + y. Suppose -70 = -u*s + 146. List the prime factors of s.
2, 3
Suppose 4*p - 4*u = 2*p + 10, 15 = 3*p - u. Suppose 0 = -5*i + h - 438 - 445, -4*i + p*h = 719. Let f = -66 - i. List the prime factors of f.
2, 5, 11
Let a = 217 - 213. Suppose -3*l = -3, -2*x + 148 = -a*l - 1064. What are the prime factors of x?
2, 19
What are the prime factors of ((-8464025)/(-2700) + (-2)/27)/((-2)/(-24))?
3, 12539
Let d be (0 - -5) + -5 + (-27)/(-9). Suppose 722 = 2*v - d*r, 0 = -2*v + 7*v - 4*r - 1819. What are the prime factors of v?
367
Suppose 0 = 11*k + 97*k + 736548 - 4959348. What are the prime factors of k?
2, 5, 17, 23
Suppose 0 = c + 4*c + 4*u - 5737, 4*c - 4594 = -u. Suppose -1105 = -3*g - 5*j, -5*j - c = -2*g - 454. Suppose -33*s = -31*s - g. List the prime factors of s.
2, 3, 5
Let q = 729 + -729. What are the prime factors of 1003 + (q + 1 - (-68)/17)?
2, 3, 7
Let h(s) = 3*s**2 - 50*s - 347. What are the prime factors of h(-28)?
3, 5, 227
Let j = -255 - -272. Let o(b) = 2*b**2 + 15*b - 63. List the prime factors of o(j).
2, 5, 7, 11
Let p(z) be the first derivative of z**4/4 + 19*z**3/3 + 12*z**2 + 16*z - 93. List the prime factors of p(-9).
2, 5, 61
Let y be 2*4/(8/(-5)). Let s be y/(25/298) - (-9)/15. Let b = -31 - s. List the prime factors of b.
2, 7
What are the prime factors of 1762*((-736)/112)/(24/(-126))?
3, 23, 881
Let p(y) = -4*y**3 + 13*y - 18. Let u be p(-4). Let g = 1744 - u. What are the prime factors of g?
2, 19, 41
Suppose -9*d - r = -6*d - 56571, -d + 18859 = r. What are the prime factors of d?
2, 2357
Suppose 5*m - 11*m + 18 = 0. Suppose -n + 5*p + 1 = -3*n, 4*p = -m*n + 2. What are the prime factors of -152*3/24*(-8 + n)?
2, 3, 19
Let x = 27 - 483. Let h = -179 - x. List the prime factors of h.
277
Let x be (-5700)/19 + 6/(-2). Let b = x + 923. List the prime factors of b.
2, 5, 31
Let l(z) = 2*z**2 + 4*z. Let p be l(-6). Let q = -56 + p. Let h(u) = -17*u + 1. What are the prime factors of h(q)?
137
Let c = -13374 - -19430. What are the prime factors of c?
2, 757
Let f(v) be the second derivative of -65*v**3/3 - 27*v**2/2 + 18*v + 2. What are the prime factors of f(-2)?
233
Suppose 887 = 7*s - 5847. Let k = s + -554. Suppose -47*q + 43*q = -k. List the prime factors of q.
2, 3, 17
Suppose 15*z = -2*y + 10*z + 40250, 5*z = -4*y + 80520. List the prime factors of y.
5, 4027
Suppose -220*j = 10*j - 123*j - 7190828. List the prime factors of j.
2, 53, 317
Let i be 1/5 + 34/5. Suppose v - i = -4*z + z, 3*z = 5*v - 17. Suppose 3*u - 45 = 5*r, -4*u + v*r + 53 = -7. What are the prime factors of u?
3, 5
Suppose -8*y - 11*y - 1 = 189. Let s(t) = -t - 8 + 1 - 2*t. What are the prime factors of s(y)?
23
Suppose 0 = x - h - 2321, -5649 - 1314 = -3*x + 5*h. What are the prime factors of x?
11, 211
Suppose -45*x + 602722 = 40530 - 288308. List the prime factors of x.
2, 3, 5, 7
Suppose -85*i + 13300 = -83*i. What are the prime factors of i?
2, 5, 7, 19
Suppose -91 = 27*n - 361. Suppose -3935 - 75 = -n*t. List the prime factors of t.
401
Let z = 3601 - 2460. Let q = 1707 - z. List the prime factors of q.
2, 283
Let m be ((-15)/(-10))/((-3)/(-1360)). Let z = 960 - m. What are the prime factors of z?
2, 5, 7
Let g(c) = -3*c + 48. Let d(s) = -3*s + 49. Let a(y) = -5*d(y) + 6*g(y). Suppose -2*b - x - 32 = -7*b, -3*b + 22 = -2*x. What are the prime factors of a(b)?
5
Let i(a) = 1672*a**2 + 585*a + 1767. List the prime factors of i(-3).
2, 3, 5, 251
Suppose 7*r - 13006 - 11761 = -7414. List the prime factors of r.
37, 67
Let f be ((-152)/(-14))/(2/(-21)*-3). Suppose f = 5*k + 2*p + 2*p, 2*k + p = 17. Suppose -175 = k*d - 2255. What are the prime factors of d?
2, 13
List the prime factors of (32239 - 49/(-7)) + -9.
32237
Let l(d) = -19*d**2 - 26*d**2 - 23*d**2 - 15 - 4*d - 244*d**3 + 68*d**2. What are the prime factors of l(-2)?
5, 389
Suppose 38380 + 69685 = 10*i + 36355. List the prime factors of i.
71, 101
Suppose -3*c = -2*z + 74, 3*z + c - 81 = -2*c. Let d(g) = 6*g - 46. List the prime factors of d(z).
2, 5, 7
Let f(s) = 2*s**2 - 24*s + 478. List the prime factors of f(79).
2, 3, 461
Let p(c) = -13*c + 2. Let i be p(4). Let k(j) = 10*j**2 - 26. Let h be k(-8). What are the prime factors of 20/i - h/(-10)?
61
Let s(v) = -37*v**2 - v + 69. Let p be s(0). What are the prime factors of (-8 + 11 - p/(-6))*40?
2, 5, 29
Suppose 45*a = -29*a + 293632. List the prime factors of a.
2, 31
Let b(x) = 154*x**3 - 2*x**2 + 4*x - 1. Let z be (5/(-15))/((-1)/6*2). Let a be b(z). Suppose 548 = 3*y + a. List the prime factors of y.
131
What are the prime factors of (16/80 - 1/7) + (-481176)/(-70)?
2, 7, 491
Suppose 5*x + 2*v - 197 = 0, 0 = -4*x + 14*v - 15*v + 160. Suppose -x*p + 15158 = -4153. List the prime factors of p.
3, 157
Let o(g) = 61*g + 12. Let t be o(6). Let v = t - 728. Let r = v - -499. What are the prime factors of r?
149
Suppose -b - 4356 = -z, 0 = z + 15*b - 14*b - 4342. What are the prime factors of z?
4349
Suppose -15697 - 5471 = -12*d. What are the prime factors of d?
2, 3, 7
Let t be 4685*(-3)/(-15) + 5. Suppose 427 = -y + t. What are the prime factors of y?
5, 103
Let u(s) = -s**3 - 7*s**2 + 8*s. Let w be u(-8). Let r be 16 - (1 + (3 - (5 - 7/7))). Suppose w = -r*p + 10*p + 834. List the prime factors of p.
139
Let a be 840/5 - ((5 - 1) + -1). Let v = 774 + a. What are the prime factors of v?
3, 313
Let y(z) = -11*z + 85. Let l(h) = 33*h - 254. Let o(x) = 4*l(x) + 14*y(x). List the prime factors of o(-9).
2, 3, 31
Suppose -10*j + 38698 = 4308. List the prime factors of j.
19, 181
Suppose 0 = -12*k + 6*k + 12. Suppose k*n - 4 = -0. What are the prime factors of n/(-5) - (0 - (-2628)/(-20))?
131
Suppose 11*f - 16*f + 18920 = 0. List the prime factors of f.
2, 11, 43
Let a be (5 - -3)/(-4) + 61. Let z = 60 - a. List the prime factors of 1436/12 + z/3.
2, 3, 5
Let o be 2*(-3)/2*2. Let y(h) be the third derivative of -h**6/120 - h**5/12 + h**4/24 + 7*h**3/6 + 26*h**2 - 6*h. What are the prime factors of y(o)?
37
Suppose 0 = 3*b + 4*t - 78690, -35*b - t - 131104 = -40*b. List the prime factors of b.
2, 7, 1873
Let n(p) = p**2 + p - 15. Let k be n(-6). Suppose 2521 = -k*t + 8281. What are the prime factors of t?
2, 3
Suppose 2*z - 8943 = -10*i + 9*i, z = 4*i + 4476. What are the prime factors of z?
2, 13, 43
Suppose -4*y + 13288 + 2896 = 0. Suppose -y = -0*k - 7*k. Suppose 113 = -3*m + k. List the prime factors of m.
5, 31
Let l(n) = 52*n**2 - 20*n - 17. Let r = -217 + 213. List the prime factors of l(r).
5, 179
Let a be 70/(-3)*(-126)/49. What are the prime factors of ((-372)/a + 3)/((-2)/80)?
2
Let r = -729 - -1395. Let i be (-1*1)/(((-48)/r)/8). Suppose 4*b - i = 3*b. List the prime factors of b.
3, 37
Let l = -377 + 374. List the prime factors of (-662)/l*(-18 + 21).
2, 331
Suppose 5*t + 6 = 661. Suppose 0 = -2*q - 4*o + 47 - t, -q - 42 = -4*o. Let u = q - -130. What are the prime factors of u?
2, 11
List the prime factors of ((81/486)/((-2)/(-18)))/(9/344070).
3, 5, 3823
Let i(f) = 8*f + 16. Let c be i(28). Suppose -c = 2*u - 3*u. List the prime factors of u.
2, 3, 5
Suppose 0*k - k + 3*l + 25 = 0, 3*k + 4*l - 10 =